at is 10100011101010111110111010 + 10000?
10100011101010111111001010
In base 16, what is 1 - d67bbf?
-d67bbe
In base 11, what is 14955a8 + -26?
1495582
In base 10, what is 6628 + 146?
6774
In base 13, what is -461ccc - 43?
-462042
In base 5, what is 431024 + -411121?
14403
In base 4, what is 31232 + 1111231?
1203123
In base 14, what is 1355ba7 + -3?
1355ba4
In base 8, what is 24236775 + 5?
24237002
In base 16, what is -6877 + -669?
-6ee0
In base 7, what is 4641 + -45015?
-40044
In base 5, what is -131024 - 304130?
-440204
In base 10, what is -25 + 24644622?
24644597
In base 13, what is -2 - -a1392cb?
a1392c9
In base 12, what is -2609 - 6a?
-2677
In base 14, what is -6 - -6adb47?
6adb41
In base 9, what is -32585 + -325?
-33021
In base 14, what is -57cc + 591?
-523b
In base 13, what is 8 - -2a8c2?
2a8ca
In base 13, what is -11c33 - -526?
-1170a
In base 11, what is -1a95a137 + 2?
-1a95a135
In base 5, what is 342423 + -204321?
133102
In base 15, what is 430 + 369a?
3aca
In base 7, what is 2644 + -6303011?
-6300034
In base 15, what is 1810 + -1d4?
162b
In base 13, what is 147800a0 - -4?
147800a4
In base 9, what is -205 + 471466?
471261
In base 3, what is -120121211120222 + -2?
-120121211121001
In base 9, what is 6 - -5600721?
5600727
In base 2, what is 1100100110011100100101000000 - 100?
1100100110011100100100111100
In base 7, what is 5 - -13520200?
13520205
In base 13, what is 51127 + -ab?
51049
In base 4, what is 2 + 2003110313223?
2003110313231
In base 7, what is -12202134230 - 4?
-12202134234
In base 11, what is 4 + 39a825?
39a829
In base 2, what is -1110111110011101111100011010 - 100?
-1110111110011101111100011110
In base 3, what is 11022 + -21112222112?
-21112211020
In base 16, what is 4e09 + -5f1?
4818
In base 2, what is 11 + -10000010010001111101011?
-10000010010001111101000
In base 7, what is 31441503 + -5?
31441465
In base 11, what is 81068a - -6?
810695
In base 4, what is -20311102 + -102?
-20311210
In base 13, what is 1253c - 199b?
10871
In base 4, what is -2 + -1033213233111?
-1033213233113
In base 4, what is 12211313321202 - 2?
12211313321200
In base 15, what is -165a123c + 1?
-165a123b
In base 14, what is a1290 - -c?
a129c
In base 8, what is -42342 + -11371?
-53733
In base 14, what is 3ad + -d7c62?
-d7893
In base 3, what is -120202020 - -102000110?
-11201210
In base 12, what is 637 + 331b5?
33830
In base 8, what is -123645 - -3672?
-117753
In base 4, what is 102 - -13112001033?
13112001201
In base 12, what is -414a - 8bb?
-4a49
In base 3, what is -12000211112 - 1011121?
-12002000010
In base 16, what is -a4efe + 26?
-a4ed8
In base 3, what is 102 - 110012101212?
-110012101110
In base 4, what is -11022102110 - 22?
-11022102132
In base 11, what is -3629033 + 67?
-3628a77
In base 2, what is 101111010101000111011100 - 10011?
101111010101000111001001
In base 16, what is -c3cd + 85?
-c348
In base 2, what is -10010101101110001 + 10101110011?
-10010010111111110
In base 13, what is -354b + 1a0ba?
1686c
In base 7, what is 2041 - -3315235?
3320306
In base 4, what is 20 + 13322122232?
13322122312
In base 7, what is -13266420043 - 1?
-13266420044
In base 12, what is 4b20809 + -2?
4b20807
In base 13, what is -c5bc - -6b?
-c551
In base 10, what is -248 + 1982?
1734
In base 8, what is 16765 + 3136?
22123
In base 5, what is -2 - 44103433313?
-44103433320
In base 6, what is 3 + 1312220005?
1312220012
In base 11, what is 3a418 - 1142?
39286
In base 6, what is 113244255504 - 0?
113244255504
In base 8, what is -316050536 - 3?
-316050541
In base 3, what is -100010022220222 + 10?
-100010022220212
In base 14, what is -1 - -1287d3b?
1287d3a
In base 7, what is -3 + 351611?
351605
In base 9, what is 6231400 - -11?
6231411
In base 8, what is 4167152361 + 2?
4167152363
In base 16, what is 2247b3 + 1cb?
22497e
In base 7, what is 2 + 30432135?
30432140
In base 9, what is 2657 + 17572?
21340
In base 12, what is 1 - -753209?
75320a
In base 4, what is -10312020 - -10212?
-10301202
In base 11, what is 5455468 + -2?
5455466
In base 6, what is -520521 - -41?
-520440
In base 15, what is 1bb13 + -2b?
1bad7
In base 6, what is 4322404 - 5232?
4313132
In base 5, what is 244 + 3442344?
3443143
In base 11, what is -2 - 4793788?
-479378a
In base 16, what is 254d - 42e?
211f
In base 16, what is 76737 - 13?
76724
In base 8, what is 4001 + -7265?
-3264
In base 2, what is -1010 - -1000000100110100000101?
1000000100110011111011
In base 10, what is -18 - -2183494?
2183476
In base 16, what is 10cfe - -f3?
10df1
In base 12, what is 4686 - -4a35?
94bb
In base 13, what is -144 - 7122b?
-71372
In base 6, what is -1425 + 110250?
104421
In base 6, what is 3154 + -2004143?
-2000545
In base 7, what is -454 - 463604?
-464361
In base 12, what is -13 - 6abb348?
-6abb35b
In base 10, what is -48176 - 52?
-48228
In base 5, what is 142 + -433320244?
-433320102
In base 9, what is -4 - -13772080?
13772075
In base 4, what is 1001330110 + -230113?
1001033331
In base 12, what is 1674659 - 0?
1674659
In base 13, what is -166ba2 - -b8?
-166ab7
In base 5, what is 142110440430 - 10?
142110440420
In base 14, what is 27d988 - -5?
27d98d
In base 4, what is 311 - 11100320101?
-11100313130
In base 3, what is -120010200000010 + -11?
-120010200000021
In base 15, what is 1b850760 + 4?
1b850764
In base 6, what is 2134250324 + -3?
2134250321
In base 14, what is -1 + -a9bcb6?
-a9bcb7
In base 6, what is 1 - -3055013130?
3055013131
In base 12, what is -9 - 95775?
-95782
In base 3, what is -201020211020 - 111?
-201020211201
In base 12, what is -13b835 + 1?
-13b834
In base 15, what is 4 + 1c4939d?
1c493a2
In base 15, what is 379e4b94 + 3?
379e4b97
In base 15, what is 0 + 36a26c?
36a26c
In base 8, what is -4 + 137045720?
137045714
In base 7, what is 21121112 - 0?
21121112
In base 12, what is 40 + 33623?
33663
In base 13, what is b5a19b + -b?
b5a190
In base 9, what is -144183016 + 5?
-144183011
In base 6, what is -1 - 41530450031?
-41530450032
In base 13, what is 903883 + 7?
90388a
In base 13, what is -6 + -2779823?
-2779829
In base 8, what is 4 + 1177517542?
1177517546
In base 12, what is -7b16 - 59b?
-84b5
In base 8, what is 5130 + 164315?
171445
In base 5, what is 113 + -313134140?
-313134022
In base 5, what is 1401 + 10214140?
10221041
In base 10, what is -15155518 + 3?
-15155515
In base 3, what is -2202 + 101122002012?
101121222110
In base 16, what is 12ed53 + -2?
12ed51
In base 3, what is -1002020021201 + -2?
-1002020021210
In base 4, what is 331101121303233 + -2?
331101121303231
In base 4, what is -2001123 - 32103?
-2033232
In base 3, what is 2020220200 + -1111121?
2012102002
In base 5, what is -2221 + 402113123?
402110402
In base 8, what is -1 - -10454674?
10454673
In base 12, what is -58237545 - -5?
-58237540
In base 3, what is 10022111202022 - 12?
10022111202010
In base 11, what is 220497 - -272?
220759
In base 13, what is 12ab + -2512?
-1234
In base 12, what is a3 + -1abb69?
-1aba86
In base 10, what is 12341 - 89?
12252
In base 3, what is -21222101220021 + 11?
-21222101220010
In base 7, what is 122500 + -604?
121563
In base 15, what is -13 + 1941d3?
1941c0
In base 16, what is -1 + -53e94c2?
-53e94c3
In base 5, what is 133103131 - 0?
133103131
In base 3, what is 2211210010 + 1012?
2211211022
In base 15, what is c6c16 + 21b?
c6e32
In base 13, what is 28a25 - 528?
284ca
In base 12, what is -5 - -11997003?
11996bba
In base 7, what is 2 - 15451364?
-15451362
In base 10, what is -37459 + 815?
-36644
In base 3, what is 211011200 - -222020210?
1210102110
In base 9, what is 282 - -234023?
234315
In base 16, what is -e8430 - -2?
-e842e
In base 4, what is -110132232100320 + -10?
-110132232100330
In base 3, what is -1020 - 200110111010?
-200110112100
In base 16, what is -1 + 11c25d20?
11c25d1f
In base 10, what is -72 - -230157?
230085
In base 6, what is 0 - -441505031?
441505031
In base 14, what is 3 + -20d343?
-20d340
In base 3, what is 101212201200021 + -20?
101212201200001
In base 3, what is -10 + -211110212200100?
-211110212200110
In base 7, what is 4 + 1541250504?
1541250511
In base 11, what is 37 + -75a?
-723
In base 13, what is 76a6a87 + -5?
76a6a82
In base 4, what is -2102101333 + 2?
-2102101331
In base 11, what is -2 + 19855260?
19855259
In base 15, what is 62eb + -4764?
1a87
In base 4, what is -21020111021202 - -